he greatest common factor of 36984 and 9272358?
138
What is the highest common factor of 73673553 and 1916?
479
What is the highest common divisor of 99 and 2020608?
9
Calculate the greatest common factor of 202086208 and 24.
8
Calculate the greatest common divisor of 330693390 and 10.
10
Calculate the greatest common factor of 1872 and 6095778.
78
What is the highest common factor of 29163552 and 33792?
1056
What is the greatest common factor of 11014696 and 704?
88
Calculate the greatest common divisor of 32291015 and 5150.
515
What is the greatest common divisor of 43 and 587264803?
43
Calculate the greatest common factor of 2522592 and 38.
38
What is the highest common factor of 405 and 3376335?
15
What is the highest common factor of 169323 and 1202853?
2199
What is the greatest common factor of 177 and 42913532?
59
What is the greatest common factor of 20875059 and 837?
279
What is the highest common factor of 890583 and 138?
69
What is the greatest common factor of 1199 and 293537?
109
What is the greatest common factor of 1436963 and 77?
11
What is the greatest common factor of 480271000 and 16500?
5500
Calculate the highest common factor of 9335 and 2985.
5
What is the greatest common divisor of 304 and 175940?
76
Calculate the highest common divisor of 62 and 36865882.
62
Calculate the highest common factor of 53088 and 61123643.
553
Calculate the highest common divisor of 16506100 and 30.
10
What is the highest common factor of 21612318 and 4830?
966
What is the greatest common factor of 172491285 and 465?
465
What is the greatest common divisor of 108 and 47221038?
18
What is the greatest common factor of 162 and 78254343?
81
What is the greatest common factor of 82743739 and 559?
559
What is the highest common divisor of 464 and 3517568?
16
What is the greatest common divisor of 26485789 and 11?
11
Calculate the greatest common factor of 568 and 58854314.
142
What is the greatest common divisor of 768 and 9193728?
768
Calculate the greatest common factor of 43 and 71525297.
43
What is the highest common factor of 104686 and 27634025?
3079
Calculate the highest common factor of 481737231 and 207.
207
Calculate the greatest common factor of 33977970 and 1755.
585
What is the greatest common factor of 27542 and 1259021?
293
Calculate the greatest common divisor of 39344 and 69.
1
What is the highest common factor of 13211797 and 2077?
2077
What is the highest common factor of 911 and 28827684?
911
What is the highest common divisor of 152 and 6097456?
8
Calculate the greatest common factor of 2507800 and 260.
20
What is the highest common divisor of 4376 and 45013177?
547
Calculate the greatest common divisor of 3900 and 3470818.
26
What is the greatest common factor of 14557536 and 1033848?
5976
What is the highest common divisor of 240 and 29402320?
80
What is the highest common divisor of 3451821 and 3243?
141
Calculate the greatest common factor of 3675673 and 1033649.
4289
What is the greatest common divisor of 168 and 29263864?
56
Calculate the highest common divisor of 56160 and 7058064.
624
What is the greatest common factor of 116616 and 155832?
1032
Calculate the highest common factor of 514 and 355048327.
257
What is the greatest common factor of 3186374 and 15325?
613
Calculate the greatest common divisor of 4832223 and 3937.
127
What is the greatest common divisor of 4187393 and 185891?
881
What is the greatest common divisor of 84425 and 363?
11
Calculate the greatest common divisor of 739731765 and 1860.
465
Calculate the highest common divisor of 728 and 551754658.
182
What is the highest common divisor of 1881341 and 2023?
7
What is the greatest common factor of 7460 and 188?
4
Calculate the highest common divisor of 3 and 9050721.
3
What is the greatest common divisor of 24357075 and 55625?
2225
What is the highest common factor of 951111 and 2821?
217
What is the highest common factor of 4724720 and 6825?
455
What is the greatest common divisor of 72943 and 48763?
403
Calculate the greatest common factor of 32035194 and 9612.
1602
Calculate the highest common divisor of 1824110 and 555370.
790
What is the highest common factor of 2628 and 2543028?
876
What is the greatest common factor of 19986516 and 1231?
1231
What is the highest common divisor of 186472 and 1716?
572
What is the greatest common factor of 56495 and 440?
5
What is the greatest common factor of 9396990 and 5?
5
Calculate the greatest common divisor of 3251349 and 36.
9
Calculate the highest common divisor of 10746528 and 436.
436
Calculate the highest common divisor of 89239 and 75834.
383
Calculate the greatest common divisor of 69992767 and 208.
13
Calculate the greatest common factor of 1347682 and 16.
2
What is the highest common factor of 8859324 and 23?
23
What is the greatest common divisor of 352 and 301616?
16
What is the highest common divisor of 10947 and 10583079?
267
What is the highest common divisor of 376635 and 4100145?
1785
Calculate the highest common divisor of 3948262 and 316.
158
What is the highest common divisor of 54088125 and 91?
91
What is the highest common factor of 136923874 and 309?
103
Calculate the highest common divisor of 10893 and 23382.
3
Calculate the highest common divisor of 35 and 53009579.
7
What is the greatest common factor of 1258 and 683686?
74
Calculate the greatest common divisor of 27264 and 2101696.
64
Calculate the highest common divisor of 72164926 and 133.
19
What is the highest common factor of 39121336 and 41032?
1784
What is the greatest common divisor of 2915 and 12599213?
583
What is the greatest common factor of 747 and 16137192?
249
Calculate the greatest common factor of 14069374 and 22.
22
What is the highest common divisor of 160544 and 2858?
2
What is the greatest common factor of 9543719 and 2014?
19
Calculate the highest common factor of 121394 and 25844.
182
What is the greatest common factor of 292215 and 17493?
21
Calculate the greatest common divisor of 9160 and 211474630.
2290
What is the greatest common divisor of 57008148 and 12?
12
What is the highest common divisor of 609649 and 1517?
37
Calculate the greatest common factor of 84170317 and 51359.
1771
Calculate the highest common factor of 974062 and 962.
74
Calculate the highest common divisor of 144435 and 34215.
15
What is the greatest common factor of 1340127 and 6137?
323
Calculate the greatest common divisor of 37193 and 3601.
13
Calculate the highest common factor of 1599146 and 19.
1
Calculate the highest common factor of 12259472 and 1376.
688
What is the greatest common factor of 263706608 and 176?
176
Calculate the highest common factor of 6011685 and 10935.
135
What is the greatest common divisor of 47 and 83121?
1
Calculate the highest common divisor of 31319 and 6.
1
Calculate the greatest common divisor of 4440087 and 18331.
797
What is the greatest common divisor of 71428448 and 112?
112
Calculate the greatest common factor of 1080619 and 2489.
131
What is the highest common divisor of 26011986 and 21450?
858
What is the highest common factor of 30 and 38084790?
30
Calculate the highest common divisor of 7152 and 19952.
16
Calculate the highest common factor of 406 and 7435078.
406
Calculate the greatest common divisor of 65149011 and 837.
279
Calculate the highest common factor of 1860225 and 19050.
75
Calculate the highest common factor of 470581 and 314683.
2887
What is the highest common divisor of 21 and 160588988?
7
What is the greatest common divisor of 326497605 and 21?
21
Calculate the highest common divisor of 119777406 and 12.
6
What is the highest common factor of 1845738 and 244?
122
What is the highest common divisor of 96960968 and 117?
13
What is the greatest common divisor of 90 and 5447490?
30
Calculate the highest common divisor of 246740 and 195.
65
What is the highest common factor of 328 and 52751953?
41
What is the greatest common divisor of 1366 and 65177324?
1366
What is the greatest common factor of 2592 and 29781270?
162
Calculate the greatest common factor of 1708 and 4648322.
854
Calculate the highest common factor of 2190 and 744582.
6
Calculate the greatest common divisor of 85217 and 2933700.
1397
What is the highest common divisor of 519541 and 90739?
803
Calculate the gr